 of y?
11
Suppose -11 + 36 = 5*i. What are the prime factors of i?
5
Let n(j) = -4*j**2 + 3*j**2 - 5*j + 5*j + 19. What are the prime factors of n(0)?
19
Let y be (-2)/(-9) + 2/(-9). Let h = y - -4. Suppose -5*c - 3*v + 51 = v, h = v. List the prime factors of c.
7
Suppose 5*m - 109 = z + 737, 3*m = -2*z + 518. What are the prime factors of m?
2, 5, 17
Suppose 0 = -3*h + 1434 - 198. List the prime factors of h.
2, 103
List the prime factors of 2/8 - ((-1675)/20)/1.
2, 3, 7
Suppose 2*n = 3*n - 1. Let x be 2 + (n - 2) + 19. Suppose -2*s = 2*s - x. List the prime factors of s.
5
Let l = 44 - 39. List the prime factors of l.
5
Let p = 2 - -3. Suppose 4*b - 3*x - p + 19 = 0, 3*x = b + 8. List the prime factors of (-18)/b*12/9.
2, 3
Let n = 64 + -31. Let v = n - 9. List the prime factors of v.
2, 3
Let d = -57 + 85. What are the prime factors of d?
2, 7
Let c(f) = -3 - 2*f + 0 + 4*f - f. Let p be c(5). List the prime factors of p/((-3)/3) - -9.
7
Let f(g) = -3*g - 5. Suppose -2*l = -3*l + 20. Suppose -12 = 4*d + 2*y, 0 = -7*y + 2*y + l. What are the prime factors of f(d)?
2, 5
Suppose 2*n - 5*n - 3 = 0. Let d = n + 2. Let g(z) = 6*z + 1. What are the prime factors of g(d)?
7
Let a be 173/9 - (-4)/(-18). Let b(k) = k**3 - 7*k**2 - 10*k + 9. Let y be b(8). Let c = a + y. What are the prime factors of c?
2, 3
Suppose q + 92 = 4*h - 43, 5*h = q + 168. What are the prime factors of h?
3, 11
Let j(o) = o**2 - 6*o - 2. Let f = 17 + -10. List the prime factors of j(f).
5
Suppose 0 = 2*l - 3*j - 37 - 46, 6 = 2*j. List the prime factors of l.
2, 23
Let s be -3*1*3/(-1). Let o(w) = w**2 - 6*w - 13. What are the prime factors of o(s)?
2, 7
Suppose -33 = -2*t + t. Suppose -5*r - 37 + 142 = -5*o, -2*r = o - t. List the prime factors of r.
2, 3
Let k(g) = 3*g**2 - 6*g + 5. List the prime factors of k(4).
29
Suppose -3*i - 4 = -2*i. Let h be 1/(-1) - i - 4. Let r(u) = -23*u**3 + u. What are the prime factors of r(h)?
2, 11
Suppose -12 = 4*d + 4. What are the prime factors of ((-14)/d)/(3/6)?
7
Let x = -49 + 84. List the prime factors of x.
5, 7
Let v(p) = 7*p**2 - 17*p - 9. Let b(o) = -4*o**2 + 9*o + 5. Let z(m) = 5*b(m) + 3*v(m). What are the prime factors of z(10)?
2, 19
Let q(u) = u**2 - 37. Let g be q(0). Let d = g + 65. List the prime factors of d.
2, 7
Suppose m - 3*o = 10, -m - 2*o + 74 = 2*m. Let f(g) = -3*g + 5. Let q be f(5). Let b = q + m. List the prime factors of b.
2, 3
Suppose 3*j - 3*a - 87 = -2*j, 5*j - a = 89. Suppose -o = 2*w - 13, -o - 3*w + 6 = -10. Let n = j - o. List the prime factors of n.
11
Let y(q) = -3*q + 2. Let h be 189/(-15) + 2/(-5). List the prime factors of y(h).
41
Suppose -5*p - 68 = 32. Let j be (-285)/p - 2/8. Let w = j - 10. List the prime factors of w.
2
Suppose 0 = -4*l + 3*l - b - 24, b = 4*l + 91. Let i = -32 + 20. Let p = i - l. List the prime factors of p.
11
Let x(p) = p**2 - 5*p + 4. Let d be (3/2)/((-3)/(-20)). Suppose -h = h - d. List the prime factors of x(h).
2
Suppose 4*h = 3*f - 47, h + 7 = f - 6. What are the prime factors of (h/(-10))/(8/260)?
2, 13
Suppose 260 + 1405 = 15*l. List the prime factors of l.
3, 37
Suppose d + 5*b = 202, 4*b - 905 = -3*d - 2*d. Let c = d + -124. What are the prime factors of c?
53
Suppose 10*r - 5*r = 110. Let c = 37 - r. List the prime factors of c.
3, 5
Let i(o) = o**2 + 2*o - 2. Let m(b) = -b**2 + 4*b + 4. Let k be m(4). Let z be (5/(-2))/(k/8). What are the prime factors of i(z)?
13
Let u = 5 - 2. Suppose -5*p = -4*b + 2*b + 48, -u*p - 33 = 3*b. List the prime factors of 2 - ((2 - 0) + p).
2, 5
Let j = 139 - 61. List the prime factors of j.
2, 3, 13
Suppose x - 2*y = 5*x - 28, -3*x + 35 = 5*y. List the prime factors of x.
5
Let g(x) = -x + 1. Let s be g(-4). Let y(c) = 2*c**2 + c - 6. Let b(a) = -3*a**2 - 3*a + 11. Let r(w) = 3*b(w) + 5*y(w). What are the prime factors of r(s)?
2
Let y = -302 + 475. List the prime factors of y.
173
Suppose 0 = 3*d - 24 - 57. Suppose 4*k - d = 29. List the prime factors of k.
2, 7
Suppose -2*w - 32 = 22. What are the prime factors of (-6)/w + 460/36?
13
List the prime factors of (-4)/(-6)*(-1113)/(-14).
53
Suppose -3*x - 6 = 5*z - 23, -4*x = -4*z + 20. Let r be (-2 - 0)/((-2)/6). Let a = r + z. What are the prime factors of a?
2, 5
What are the prime factors of (1/3)/(3/153)?
17
Let m = -1 + 1. Suppose -3*b + 34 = l + 2*b, -b = -2*l + 13. Suppose m = -d + 5 + l. List the prime factors of d.
2, 7
Let v = 1 - -3. Suppose v*a = 2*a + 48. Suppose -2*i - a = -5*i. What are the prime factors of i?
2
Suppose -54 = -c - 2*y, -3*y + 15 + 0 = 0. What are the prime factors of c?
2, 11
Let j(n) = 3*n**2 - 37*n + 9. List the prime factors of j(18).
3, 5, 7
What are the prime factors of (39 + (-2 - -5))*(-1)/(-1)?
2, 3, 7
Let p = 3 + 26. List the prime factors of p.
29
Let a(l) = -l. Let w be a(-1). Suppose 81 + w = 2*y. List the prime factors of y.
41
Suppose 3*v + 4*f - 174 - 43 = 0, -2*v - 3*f = -145. Suppose v = 2*p - 4*d - 1, -2*d - 220 = -5*p. What are the prime factors of p?
2, 23
Let t be (-2 - -3)/((-5)/75). Let r = -4 - t. List the prime factors of r.
11
Suppose 8*k = 41 + 1999. What are the prime factors of k?
3, 5, 17
Let w be -12*3/18*-2. Let i = -6 + 4. Let n = w - i. List the prime factors of n.
2, 3
Let l(x) = 4 + 0*x**2 - x**2 + 2*x**2 + 3*x. What are the prime factors of l(-6)?
2, 11
Let c(l) be the second derivative of l**3/2 - 5*l**2/2 + 5*l. What are the prime factors of c(4)?
7
Let y = -100 - -214. List the prime factors of y.
2, 3, 19
Let b(c) = 14*c - 28. What are the prime factors of b(9)?
2, 7
Suppose 3*s - 5*u = -5, s + 9 = 5*u - 6. Suppose -1 = -j + s. List the prime factors of j.
2, 3
Let j = -96 + 99. Let a(i) be the third derivative of i**5/60 + i**4/12 + i**3/6 + i**2. List the prime factors of a(j).
2
Let t be (-12)/1*(-28)/(-21). Let d(j) = -j**2 - 17*j + 22. What are the prime factors of d(t)?
2, 19
Suppose k + 4*j + 9 = 0, 5*k + j + 0*j = -26. Let h be (-3)/(k/6 - -1). What are the prime factors of (-6)/27 + (-130)/h?
7
Let n = 2 + 1. Let t(b) = b + 7. What are the prime factors of t(n)?
2, 5
What are the prime factors of ((-15)/2)/((-18)/60)?
5
Suppose 15 = -0*g + 5*g. Suppose -4*p - g*k + 0*k + 90 = 0, 0 = 5*p + 3*k - 114. List the prime factors of p.
2, 3
What are the prime factors of (4/3)/(8/180)?
2, 3, 5
Suppose -20 = -4*x, v = 5*x - 30 + 11. Suppose 3*h - 2*r - 17 = 0, 0 = -4*h - v*r + 3*r + 17. Suppose 0*g - h = -g. List the prime factors of g.
5
Let n(p) = -p**3 + 9*p**2 + 10*p + 14. Suppose 3*u - 2*u + 3*a = 19, 3*u - 4*a - 18 = 0. List the prime factors of n(u).
2, 7
Let r = -36 + 24. List the prime factors of ((-20)/(-8) + -3)*r.
2, 3
Let j = -7 - -2. Let k(y) = -3*y**2 + 4*y - 11. Let n(b) = 4*b**2 - 4*b + 12. Let w(r) = -5*k(r) - 4*n(r). List the prime factors of w(j).
2
Suppose 2*o + 8 = 6*o. Suppose o*f - 4 = -0*f. What are the prime factors of f?
2
Let t be -4 - -4 - 1*-5. Let p(y) = -y**2 - 2*y + 2. Let o be p(-3). Let m = t + o. List the prime factors of m.
2
Let l(j) = -2*j + 0*j - j - 6. Let x be l(6). List the prime factors of (1/(-2))/1*x.
2, 3
Let g = 10 - 4. What are the prime factors of g?
2, 3
Suppose -9*p + 50 = -4*p. List the prime factors of 116/p + 12/30.
2, 3
Let q be (246/15)/((-2)/(-10)). Suppose 0*p - 2*p = -4*k - q, -5*k + p = 98. Let f = k + 29. List the prime factors of f.
2, 5
Let y(i) = -16*i - 1. What are the prime factors of y(-3)?
47
Let o = -28 + 40. Let f(q) = -2*q + 4. Let l be f(3). List the prime factors of o/(-9)*(-5 - l).
2
Let l(g) = g**3 + g**2 - g + 208. Let w be l(0). Let y = w + -140. Suppose 7*s - y = 3*s. What are the prime factors of s?
17
Suppose -5*f = -25, f - 2*f - 127 = -4*c. What are the prime factors of c?
3, 11
Suppose -6*f = -2*f - 200. List the prime factors of f.
2, 5
Let h be 3/6*(13 + -3). Suppose -2 + 67 = h*b. List the prime factors of b.
13
Suppose 5*m - 11 = -1. Let l be 3 + -2 - 15*m. Let u = l + 40. What are the prime factors of u?
11
Suppose 6*f = f. Suppose f = -3*x - 3 + 45. List the prime factors of x.
2, 7
Let h be (0 - -2)/((-4)/(-2)). Let z be (h/(-2) - -2)*6. What are the prime factors of z + -1 - 4/(-2)?
2, 5
Suppose 118 = 5*j - 4*f + 36, -2*j + 3*f + 30 = 0. What are the prime factors of j?
2, 3
Let a = -34 - -58. Suppose -4*v = -v - 